9 = -2*t, 33*g = 2*t + 38*g - 1099. List the prime factors of t.
3, 179
Let o = -11 - -8. Let q(m) = m**3 + 2*m**2 - m + 2. Let y be q(o). Let x(i) = -2*i - 6. List the prime factors of x(y).
2
Let x = 4752 + -2540. List the prime factors of x.
2, 7, 79
Suppose 2*p + 4*s = 16, 0 - 3 = 3*s. Let i = 53 - p. What are the prime factors of i?
43
Let u(a) = -a**2 + 3*a + 7. Let c be u(5). Let s be c + ((-2)/1 - -9). List the prime factors of -26*s/(-8)*1.
13
Let u(r) = 5*r. Let f be u(2). Let b = f - 7. Suppose -4*x + x - 5 = -5*i, 5*i + b*x = 35. What are the prime factors of i?
2
Let j be 1 - -2*21/(-6). Suppose 35 = -n - 4*n + 3*u, -4*u = -20. List the prime factors of ((-406)/(-21))/(n/j).
29
Suppose 33147 = 36*u - 25641. What are the prime factors of u?
23, 71
Let l be 1*(-1)/1*0. Let u(c) = 24*c - 116. Let h be u(5). Suppose h*q + l*q = 104. List the prime factors of q.
2, 13
Let f(l) = -2*l - 10. Let p be f(-6). List the prime factors of (-86)/3*(-9)/p.
3, 43
Let n = -773 - -2713. What are the prime factors of n?
2, 5, 97
Let g(v) = 178*v**3 - v**2 + 2*v - 1. What are the prime factors of g(2)?
1423
Let t(i) = 2*i**2 + 14*i - 44. List the prime factors of t(3).
2
Let k be (-6)/4*84/18. Let p be k*(-3 + 2) + 3. Let s(o) = -o**3 + 10*o**2 + 3. What are the prime factors of s(p)?
3
Let h(t) = -t**3 - 5*t**2 - 6*t - 1. Let j(d) = -d**3 - 4*d**2 - 6*d - 2. Let c(i) = -3*h(i) + 2*j(i). Let v = -9 + 4. List the prime factors of c(v).
19
What are the prime factors of 34868/84 + (-22)/231?
5, 83
Let t be (532 - -3) + (2 - 0) + 3. Suppose 3*w = -3*w + t. What are the prime factors of w?
2, 3, 5
Suppose -3*v + 7484 = a, -5*v + 6*a + 12460 = 5*a. What are the prime factors of v?
3, 277
Suppose -5*u + 245 = -575. Suppose -u = -5*t + n, 2*t = -t + 2*n + 104. What are the prime factors of t?
2
Suppose 6 = -i + 5*s + 286, 0 = i + s - 250. List the prime factors of i.
3, 5, 17
Suppose 0 = -a + 14*a - 1976. What are the prime factors of a?
2, 19
Let v = 5 + 1. Let a = -4 + v. Let i(p) = 11*p**2 + p + 2. What are the prime factors of i(a)?
2, 3
Suppose -4*t - 5 = j - 65, 0 = 5*j - 2*t - 278. Suppose 4*y - 2*y = -2*x - j, 4*y - x = -122. Let m = -1 - y. What are the prime factors of m?
29
Suppose -29*a + 76577 = 25972. List the prime factors of a.
5, 349
Let s = -602 - -699. List the prime factors of s.
97
Let p(r) = -65*r**3 - 2*r**2 - 2*r - 2. What are the prime factors of p(-1)?
3, 7
Suppose 4*r + 5*p + 49 = 2*p, p - 5 = 0. List the prime factors of (-3)/(-4) + (-84)/r.
2, 3
Let r(h) = 7*h**2 - 5*h**2 - h - 2*h + 2 + 10*h**2. What are the prime factors of r(2)?
2, 11
Let s be (-13)/(3 + 8/(-2)). Let p = -8 + s. Suppose -5*g - 3 = -4*c + 2, 0 = -g + p*c - 22. List the prime factors of g.
3
Let o(y) = 7*y - 22*y + 8*y. List the prime factors of o(-2).
2, 7
Let i(x) = x**3 - x. Let y be i(1). Let l(g) = -g**2 + 7*g + 2. Let u be l(7). Suppose -v + 2 = -1, -u*b + 4*v + 48 = y. What are the prime factors of b?
2, 3, 5
Let o = 249 - 152. Let p = -21 + -39. Let i = o + p. What are the prime factors of i?
37
Let h = 99 + -96. Suppose -q + 77 = h. What are the prime factors of q?
2, 37
Let u(f) = 20*f + 1. Let t be u(-10). Let p = t + 411. List the prime factors of p/18 + (-2)/(-9).
2, 3
Let m = -1360 - -2096. What are the prime factors of m?
2, 23
Let q(c) = 5 - 18 + 10*c + 2*c**2 + 10*c - 3*c**2. Let n be q(15). Let m = -37 + n. List the prime factors of m.
5
List the prime factors of 16/(-64) + (-32164)/(-16).
2, 3, 5, 67
Let k(z) = -3*z + 8*z - z + 5. Suppose 0 = 4*g + 8, -2*x - 14 = -5*x + g. What are the prime factors of k(x)?
3, 7
Suppose 3*x = -4*x + 10885. What are the prime factors of x?
5, 311
Suppose 9*r = 13*r - 20, -173 = -2*l - 3*r. List the prime factors of l.
79
What are the prime factors of (-4)/6 + (-10475)/(-75)?
139
Let k(t) = -9*t**3 - t**2 + 3*t + 3. Let s be -1 - 1/(0 + 1). What are the prime factors of k(s)?
5, 13
Let v(g) = 3*g**2 + 7*g - 4. Let n(z) = -4 + 3*z**3 - z**3 - 3*z + 2*z**2 - z**3. Let r be n(-3). List the prime factors of v(r).
2
Let p(r) = -115*r - 821. What are the prime factors of p(-31)?
2, 7
What are the prime factors of 3*(-3 + 2)*(-866)/3?
2, 433
Let p = 62 + -62. Suppose 2*w - 20 = -3*j, 0 = 5*w + 3*j - 0*j - 41. Suppose -4*g + 3*m - 2*m + 11 = 0, 2*g - m - w = p. List the prime factors of g.
2
Suppose -h - 5*y = 1 - 22, -51 = -5*h + 2*y. Let a be (-1 - 2) + h - -2. What are the prime factors of 54*-1*(-5)/a?
3
Let g = 96 - 71. Let y(v) = 8*v - 53. List the prime factors of y(g).
3, 7
Let n be (2 + 3/(-6))*2. Suppose j = 3*o + 3*j - 7, n*o + 7 = 5*j. Suppose 26 - o = s. List the prime factors of s.
5
Suppose 5*h - 5 = 0, -9 = 3*a + 5*h - 29. What are the prime factors of a?
5
Let u(t) = -t**2 - 31*t - 8. List the prime factors of u(-8).
2, 11
Let d(f) = f**2 + 13*f - 17. Suppose -5*m = -i + 77, -m + 5*i + 31 = -2*m. What are the prime factors of d(m)?
31
Let z = 50 + -100. List the prime factors of (z/125)/((-2)/530).
2, 53
Suppose -63*d + 15305 + 37174 = 0. List the prime factors of d.
7, 17
Suppose -600 = -16*w + 9640. List the prime factors of w.
2, 5
Let f = -121 - -280. List the prime factors of f.
3, 53
Let x(q) = q**3 + 2*q**2 - 3*q - 3. Let t be x(-2). Suppose 0 = -t*s - 3*g + 216, 2*g + 0*g + 128 = 2*s. What are the prime factors of s?
2, 17
Suppose 26 = 3*q - 4*h - h, 3*h = 4*q - 53. Let y = 25 - q. List the prime factors of y.
2
Let k = 135 - 88. Suppose 5*r + 3*l = k, -2*r + 6*r = l + 41. What are the prime factors of r?
2, 5
Let z(c) = 64*c**2 + 275*c - 4. List the prime factors of z(-9).
5, 541
Suppose -17*c - 2*q = -20*c + 11076, 0 = -2*c - 4*q + 7368. What are the prime factors of c?
2, 3, 5, 41
Let s(a) = a**3 + 39*a**2 - 46*a + 26. What are the prime factors of s(-40)?
2, 7, 19
Suppose 5*p + 4*h + 41 + 755 = 0, -4*p - 643 = -3*h. Suppose -b = 36 + 58. Let f = b - p. List the prime factors of f.
2, 3, 11
Let y be (16 - 12) + (-1 - 1). Suppose -170 = -4*m - 66. Suppose 0 = -y*q + m - 2. List the prime factors of q.
2, 3
Let b(h) = h**3 + 3*h**2 - h - 2. Let p be b(-3). Let v be 19/7 + 2/7. Suppose 0 = -y - 2*j + p, -5*y + v*j + 31 = -0*y. What are the prime factors of y?
5
Let h = -5090 - -10926. What are the prime factors of h?
2, 1459
Suppose 10 = i + 2*t, 2*i - 19 = i - 5*t. Suppose 2*m - y - 5 - 4 = 0, 0 = 5*m - i*y - 27. Suppose 0 = -m*b - b + 120. List the prime factors of b.
2, 3, 5
Let v(n) = 449*n**3 + n. Let z be v(1). Suppose 4*g + z = 5*t, -4*g - g = -4*t + 360. What are the prime factors of t?
2, 3, 5
Suppose -2 = -0*s - 2*s. Let k be (2/(-4))/(s/(-50)). Let m = -15 + k. List the prime factors of m.
2, 5
Suppose -25*f - 9 = -26*f. Let u(k) = k**3 - 8*k**2 + 10. List the prime factors of u(f).
7, 13
Suppose 26313 = 4*q + c + 6719, 0 = -3*q + 3*c + 14703. List the prime factors of q.
3, 23, 71
Let p(v) = -v**3 + 4*v**2 - v + 9. Let h be p(4). Suppose -a - 232 = -h*a. Suppose w - n = a, -4*w + 58 = -3*w + 3*n. List the prime factors of w.
2, 29
Let a = -1310 - -1447. Let q(b) = -b**3 + 2*b**2 + b. Let i be q(-1). Suppose -i*y + 5*f = -a, 4*y + 3*f = 6*f + 253. What are the prime factors of y?
61
Let k = 68 + 43. Let v = k - 19. What are the prime factors of v?
2, 23
Suppose 0 = -3*x - x + 64. Suppose 4*g + x = 5*g. What are the prime factors of g?
2
Let q(o) be the third derivative of 7*o**4/12 + 2*o**3/3 + 2*o**2 - 13. Let m be 1 - (-1 + -7)/2. List the prime factors of q(m).
2, 37
Let n be 17 + 0 + 4 - 0. Suppose -4*s - 12 = r, -5*s = -3*r + 11 + n. Suppose 4*i - 149 = 2*k + 3*k, -3*k - 147 = -r*i. List the prime factors of i.
2, 3
Suppose 175*i - 194*i + 14554 = 0. List the prime factors of i.
2, 383
Let p(l) be the first derivative of -l**3/3 - 4*l**2 + 1. List the prime factors of p(-5).
3, 5
Suppose 0*n - 105 = -5*n. Let p = n + -37. Let a = 4 - p. What are the prime factors of a?
2, 5
Let u(t) = 24*t**2 + 78*t + 8. What are the prime factors of u(-5)?
2, 109
List the prime factors of -34*(-1781)/52 - (-2)/4.
5, 233
Let p(q) = 3*q**2 - 4*q + 1. Let n be p(2). Suppose -n*l + 187 = -2*a, 19*l = 15*l - a + 160. What are the prime factors of l?
3, 13
Let i be ((-6)/(-4))/((-3)/(-4)). Suppose i = -p - 1. What are the prime factors of 7/((0 + p)/(-3))?
7
Let s(h) = h**3 + 7*h**2 - 4*h + 10. 